23). Suppose p = 2*b - b + 1. Let d(q) = -137*q**3 + q**2 + 1. What is the hundreds digit of d(b)?
1
Suppose -13*v + 120 = -8*v. Suppose v*p - 19*p = 10. Suppose -57 = -2*x - p*x - k, 3*k - 59 = -4*x. What is the tens digit of x?
1
Let b(f) = 1409*f + 2406. What is the thousands digit of b(24)?
6
What is the units digit of (0/(9/3) - (-32)/(-1))*-172?
4
Let k = -39 - -45. Let i be 0/(3/k*-2). Let j(r) = -2*r**2 - 2*r + 5. What is the units digit of j(i)?
5
Let r be 5*2/4*-6. What is the tens digit of -2 + r/(-9) - (-1008)/27?
3
Suppose -n + 11 = n + 5*x, 3*n - 6 = -4*x. What is the units digit of (781/6)/(1/(-3))*n?
1
Suppose -2*q = -7*q - 590. Let v = 269 + q. Let i = -37 + v. What is the tens digit of i?
1
Let z = 26 - -86. Suppose 3*n - 7*n = -z. Suppose -13 - n = -k. What is the units digit of k?
1
Suppose 0 = -5*g - 3*s + 72832, 3*g - 57132 + 13432 = -2*s. What is the hundreds digit of g?
5
Let v(z) = 821*z**2 - 181*z - 1610. What is the units digit of v(-8)?
2
Suppose -15*n + 102687 - 50106 = -143409. What is the hundreds digit of n?
0
Suppose -87*g - 7454 = -88*g. Suppose g = 21*c - 3046. What is the units digit of c?
0
Suppose -16598 + 2766 = -28*f. Suppose 11*m - f = 8*m - 2*s, 5*m = 3*s + 836. What is the tens digit of m?
6
Suppose 14*t - 80 = -2*t. Suppose t*w - 3206 = -526. What is the tens digit of w?
3
Suppose 20 = 4*x - 2*k - 0*k, -1 = x - 2*k. Suppose x - 7 = -b. Suppose -4*f - 20 = b, 0 = -2*g + 4*f - 32 + 122. What is the units digit of g?
5
Suppose 0 = 23*u - 11*u - 9*u - 21264. What is the hundreds digit of u?
0
Let q(w) = w**3 + 27*w**2 + 25*w + 23. Suppose 7*d - 20 = 8. Suppose 3*v = -d*l - 89, -4*l - 5*v = -l + 53. What is the units digit of q(l)?
9
Let q be (-1125)/(-6) + 10/(-20) - -1. Let m = q - 83. What is the hundreds digit of m?
1
Let r(u) = -u**2 - 141*u + 6835. What is the tens digit of r(0)?
3
Let w = 17743 - 11507. What is the hundreds digit of w?
2
Let x(f) be the second derivative of f**5/20 + 23*f**4/12 + 17*f**3/6 - 17*f**2/2 + 94*f + 4. Let t = 24 + -46. What is the tens digit of x(t)?
9
Let g(a) = a**2 + 50*a - 52. Let w(x) = -x**2. Suppose 3*j - 4*n = -3*n - 6, 5*n - 15 = 0. Let y(s) = j*g(s) + w(s). What is the units digit of y(-21)?
0
Let s be ((-2)/(-1))/((-4)/(-8)). Suppose s*c - 229 = -d, 50 = -d + 3*c + 265. Let w = -30 + d. What is the hundreds digit of w?
1
Suppose q + 31 = -78. Let v = q + 39. Let d = 145 + v. What is the units digit of d?
5
Suppose -146*a = -162*a + 213664. What is the tens digit of a?
5
Let s(j) = 6*j**2 + 173*j - 576. What is the units digit of s(-80)?
4
Let o(k) be the first derivative of k**4/4 - 10*k**3/3 + 4*k**2 + 19*k - 4. Let g be o(8). What is the units digit of (-428)/6*(3 + g/10)?
7
Suppose -3*w + 59724 = -3*k, -66*w + 79614 = -62*w + 2*k. What is the tens digit of w?
0
Suppose 0 = z - 2*x - 675, -3*x - 1298 = -5*z + 2098. Let i = z - 439. What is the units digit of i?
2
Let g be (-96)/(-28)*(9 + -2). Suppose -g = 7*k - 11*k. What is the hundreds digit of 1252/11 + -1 + k/33?
1
Let w(c) = -10*c**2 + c + 1682. Let l be w(0). Let b = 3387 - l. What is the thousands digit of b?
1
Suppose 0 = 877*f - 852*f. Suppose -5*a + a + 64 = 0. Suppose f = 12*g - a*g + 516. What is the units digit of g?
9
Let k be (3 - 6)*7/(-3). Suppose 23*p - 8324 + 2114 = 0. Suppose -5*b + p = -k*n + 2*n, -3*b = 5*n - 186. What is the units digit of b?
7
Suppose -4*i = 3*r - 5052, -137*r + 138*r - 5*i = 1684. What is the tens digit of r?
8
Let h(v) = 2*v**2 - 17*v + 12. Let o be h(8). Suppose 3*n = 4*c - 7, -n = -o*c - 3 - 0. What is the tens digit of -7 + 6 + n/((-15)/336)?
1
Suppose 5*a = 3*d - 6*d - 239, 2*a + 2 = 0. Suppose 3*h + 0*j + 539 = -j, 2*j - 891 = 5*h. Let i = d - h. What is the hundreds digit of i?
1
Let n = 36488 + 3220. What is the units digit of n?
8
Let h = 4455 - 1860. What is the thousands digit of h?
2
Suppose -66 - 9292 = -2*j. What is the thousands digit of j?
4
Let l = -836 - -6953. What is the units digit of l?
7
Let t(v) = -v - 1. Let h be t(8). Let l(x) = x**3 + 16*x**2 + 8*x + 13. What is the units digit of l(h)?
8
What is the tens digit of 21507 + ((-12)/(-60)*15)/(-1)?
0
Let o be 94/10 + 102/170. Suppose 12 + 9 = 3*g. Suppose g*p - o*p + 111 = 0. What is the units digit of p?
7
Let g = 37 + -41. Let i(x) = -x**3 - 3*x**2 + 2*x - 4. Let u be i(g). Suppose -2*t - t + 436 = -u*l, 4*t - 3*l - 586 = 0. What is the tens digit of t?
4
Suppose 9*y - 6*y = 0. Suppose -l - 4*o - 33 = 0, y*l - l + 5*o - 6 = 0. Let u(w) = -7*w - 43. What is the tens digit of u(l)?
0
Let m(r) = -25*r**3 - 37*r**2 - 4*r + 30. What is the hundreds digit of m(-13)?
7
Suppose -4*b + 95196 = 4*d, 142789 = 91*d - 85*d + 5*b. What is the units digit of d?
4
Let v(q) = -24 + 50*q + 24*q + 1 + 2 - 16*q. What is the hundreds digit of v(6)?
3
Let k(c) = c**3 + 58*c**2 - 348*c - 39. What is the thousands digit of k(-63)?
2
Let a be 9 + (-3)/((-6)/2). Suppose 4*k - 101 = b - 408, -3*b + k = -910. Suppose -a*i + b = -7*i. What is the hundreds digit of i?
1
Let b = -100 + 107. Suppose b*m = 3485 + 995. What is the hundreds digit of m?
6
Let u = -33 + 39. Suppose -8*l - 26 = -210. Let p = l - u. What is the units digit of p?
7
Let d be (-3)/(-1) - (-3 - 3/(-3)). Suppose d*f = -2*p - 32, 4*f + 19 = 4*p + p. What is the units digit of 250/4*(-1 - (3 + f))?
5
Suppose -3*t = 6*t - 1350. Let w be t/90 + 0 + 1/3. Suppose -m - 4*m - 4*p = -1155, -w*m = p - 462. What is the tens digit of m?
3
Let c = -1265 - -1340. Let o = 42 + -79. Let r = o + c. What is the units digit of r?
8
Suppose 9132188 = 411*g - 14386876. What is the thousands digit of g?
7
Let y(l) = -2*l**2 + 10*l - 7. Let k be y(6). Let f(s) = -s**2 - 36*s - 66. What is the units digit of f(k)?
7
Suppose 39*b + 33655 = 162702 + 241180. What is the tens digit of b?
9
Let l(p) be the second derivative of -p**3/2 + 147*p**2/2 + 2*p - 23. What is the tens digit of l(-31)?
4
Let l be (-17)/((-17)/(-2718)) + -2. What is the units digit of (8/(-16))/(4/l)?
0
Let a = 258 - 263. What is the units digit of -1 + 0 + 1 - 2445/a?
9
Suppose -19 = a - 2*c + 37, -184 = 3*a + 2*c. Let m = a - -470. What is the units digit of m?
0
Let z(t) = -t**3 - 98*t**2 + 123*t + 24. What is the tens digit of z(-100)?
2
Let p be 9406/16 - (729/(-72) - -10). Let y = -398 + p. What is the units digit of y?
0
Let h = -39773 - -78270. What is the hundreds digit of h?
4
Suppose 3*w = 3*z + 10656, -224*w + 14207 = -220*w - 3*z. What is the hundreds digit of w?
5
What is the tens digit of (-4)/(-7) + (-542245)/(-385)?
0
Suppose 7*w = 93 + 4905. Suppose 567 + w = 21*c. What is the tens digit of c?
6
Suppose 96*x - 22*x = 152292. What is the hundreds digit of x?
0
Let b(r) = r**2 + 40*r + 552. What is the tens digit of b(-25)?
7
Let n be 12/(-36)*(-2109)/(-1). Let h = n + 1199. What is the hundreds digit of h?
4
Suppose 5*f = 114 - 49. Suppose 11*p = f*p - 492. What is the tens digit of p?
4
Let w(c) = 73*c**2 + 10*c - 20. Let i = 37 + -33. Suppose i = 7*y - 10. What is the hundreds digit of w(y)?
2
Suppose 665*s - 44604 = 659*s. Suppose s = 4*j + 2178. What is the thousands digit of j?
1
What is the tens digit of 8/14*((-220295397)/58)/(-67)?
9
Suppose -20*s + 16 = -16*s. Let m(u) = 5*u**3 + 6*u - 6. What is the hundreds digit of m(s)?
3
What is the ten thousands digit of ((-39)/(-12))/((-13)/449020*-5)?
2
Suppose -87*d = -86*d + 4. What is the hundreds digit of ((-2)/d + 0)/((-2)/(-1412))?
3
Suppose 27*w - 5*t = 22*w + 70965, -3*w + 5*t + 42583 = 0. What is the tens digit of w?
9
Let z be (-6)/18 - 4/6. What is the units digit of ((-4)/z)/(9/126)?
6
Let q(o) = -o**3 - 12*o**2 - 11*o + 2. Let p be q(-11). Suppose -4*h = v - 22, -5*v + 93 = -p*h + 5*h. Suppose -5*w + 12 = -v. What is the units digit of w?
6
Suppose -2*o - 22 = 2*s - 7*s, -4*s - o + 15 = 0. Suppose 940 = 4*r - s*l, 2*r - 519 = 3*l - 44. What is the tens digit of r?
3
Let k = 6471 + -4158. Suppose 5*v - 2315 = -5*f, -5*v + f + k = 5*f. What is the units digit of v?
1
Suppose -96*w + 98*w = 3*d + 50021, 4*w = -5*d + 100031. What is the ten thousands digit of w?
2
Suppose -6*f = -10*f + 4*n + 12, 5*f - 24 = -4*n. Suppose -f*j + 5*c + 4291 = 0, -6*j + c + 4311 = -2*j. What is the hundreds digit of j?
0
Let p = 237 - 234. Suppo